is dc (base 14) in base 7?
365
What is -10 (base 2) in base 5?
-2
Convert -a (base 16) to base 3.
-101
Convert -79 (base 11) to base 13.
-68
What is -3 (base 10) in base 2?
-11
What is 342 (base 7) in base 3?
20120
What is -524 (base 8) in base 6?
-1324
0 (base 4) to base 10
0
210 (base 8) to base 10
136
Convert -b1 (base 12) to base 6.
-341
What is 13 (base 8) in base 16?
b
Convert -2 (base 7) to base 9.
-2
Convert 11 (base 13) to base 3.
112
What is -17 (base 15) in base 4?
-112
What is -31 (base 11) in base 7?
-46
-1b (base 16) to base 14
-1d
Convert -332 (base 4) to base 9.
-68
-13 (base 11) to base 2
-1110
11001 (base 3) to base 8
155
Convert 101011 (base 2) to base 4.
223
Convert -1010 (base 5) to base 3.
-11211
Convert 2 (base 15) to base 8.
2
Convert 12 (base 5) to base 10.
7
2 (base 5) to base 12
2
0 (base 15) to base 16
0
What is 3 (base 14) in base 9?
3
4 (base 8) to base 13
4
Convert -18 (base 14) to base 16.
-16
Convert 2c (base 15) to base 4.
222
Convert -1 (base 7) to base 4.
-1
What is -200 (base 5) in base 15?
-35
Convert 34 (base 14) to base 4.
232
Convert 14 (base 12) to base 3.
121
Convert -1 (base 15) to base 16.
-1
What is 2 (base 11) in base 8?
2
Convert -16 (base 8) to base 14.
-10
Convert -4 (base 15) to base 9.
-4
What is -4 (base 11) in base 16?
-4
Convert -443 (base 6) to base 12.
-123
-1 (base 13) to base 3
-1
58 (base 12) to base 9
75
Convert -5 (base 9) to base 12.
-5
What is 122 (base 3) in base 11?
16
Convert -2a (base 14) to base 10.
-38
Convert -1 (base 16) to base 10.
-1
34 (base 15) to base 14
37
What is -1 (base 15) in base 7?
-1
What is 54 (base 11) in base 3?
2012
Convert -1b3 (base 12) to base 3.
-101100
Convert -18 (base 12) to base 5.
-40
Convert -11 (base 7) to base 6.
-12
Convert 1410 (base 6) to base 4.
11232
What is -1 (base 13) in base 2?
-1
Convert 7 (base 8) to base 3.
21
Convert -101 (base 3) to base 11.
-a
Convert -b (base 12) to base 5.
-21
-11 (base 13) to base 8
-16
-1 (base 4) to base 15
-1
Convert 2 (base 5) to base 4.
2
Convert -63 (base 9) to base 6.
-133
What is -25 (base 7) in base 16?
-13
What is 0 (base 4) in base 3?
0
Convert 1104 (base 5) to base 16.
9a
-61 (base 9) to base 7
-106
Convert -9 (base 14) to base 2.
-1001
What is -4 (base 16) in base 14?
-4
Convert 39 (base 14) to base 9.
56
19 (base 13) to base 5
42
What is -41 (base 10) in base 14?
-2d
Convert 4 (base 14) to base 6.
4
-2 (base 9) to base 12
-2
What is -4 (base 10) in base 7?
-4
Convert 92 (base 15) to base 10.
137
132 (base 10) to base 6
340
Convert -26 (base 11) to base 3.
-1001
Convert -2 (base 6) to base 3.
-2
Convert 4 (base 10) to base 12.
4
Convert 4 (base 10) to base 11.
4
What is 298 (base 10) in base 15?
14d
Convert -24 (base 9) to base 5.
-42
Convert -2 (base 6) to base 14.
-2
2 (base 13) to base 14
2
What is 3 (base 14) in base 15?
3
-13 (base 8) to base 3
-102
-130 (base 5) to base 6
-104
Convert -10 (base 3) to base 2.
-11
Convert -232 (base 4) to base 11.
-42
111110 (base 2) to base 15
42
10 (base 4) to base 5
4
What is -413 (base 6) in base 10?
-153
49 (base 11) to base 16
35
What is -1 (base 5) in base 10?
-1
79 (base 11) to base 2
1010110
What is -1140 (base 5) in base 13?
-101
Convert 124 (base 5) to base 10.
39
Convert 2 (base 10) to base 11.
2
-1a (base 14) to base 15
-19
-11 (base 5) to base 10
-6
3 (base 12) to base 8
3
-1c (base 13) to base 12
-21
Convert -22 (base 14) to base 11.
-28
-2 (base 11) to base 12
-2
What is 20 (base 14) in base 8?
34
What is -10 (base 13) in base 3?
-111
Convert 161 (base 7) to base 10.
92
Convert -102120 (base 3) to base 4.
-10320
Convert 0 (base 15) to base 3.
0
-93 (base 15) to base 5
-1023
Convert -29 (base 11) to base 3.
-1011
What is -94 (base 12) in base 13?
-88
Convert 24 (base 11) to base 14.
1c
What is ba (base 13) in base 6?
413
-2 (base 16) to base 4
-2
11 (base 12) to base 9
14
Convert 1001001 (base 2) to base 15.
4d
What is 2 (base 10) in base 7?
2
What is -230 (base 4) in base 9?
-48
Convert -3 (base 14) to base 13.
-3
Convert -1c (base 13) to base 11.
-23
What is 44 (base 12) in base 4?
310
Convert -10 (base 5) to base 11.
-5
Convert 221 (base 6) to base 9.
104
1 (base 15) to base 8
1
What is 0 (base 11) in base 7?
0
Convert 2 (base 4) to base 2.
10
134 (base 7) to base 4
1022
Convert 5 (base 8) to base 11.
5
What is 2 (base 12) in base 4?
2
What is 30 (base 5) in base 4?
33
What is -5 (base 7) in base 14?
-5
102 (base 3) to base 7
14
-20 (base 7) to base 6
-22
What is -77 (base 9) in base 10?
-70
Convert 2 (base 12) to base 9.
2
-256 (base 12) to base 15
-189
39 (base 11) to base 15
2c
Convert 124 (base 5) to base 3.
1110
Convert 12 (base 13) to base 4.
33
Convert 47 (base 10) to base 4.
233
Convert -110110 (base 2) to base 11.
-4a
Convert -22 (base 5) to base 14.
-c
Convert -110 (base 2) to base 15.
-6
Convert 6 (base 11) to base 6.
10
11002 (base 3) to base 15
75
Convert -3 (base 14) to base 2.
-11
2 (base 8) to base 13
2
Convert -20020 (base 3) to base 12.
-120
-10 (base 2) to base 15
-2
-3b (base 14) to base 4
-311
Convert -5 (base 6) to base 5.
-10
What is 1011010 (base 2) in base 16?
5a
What is 32 (base 11) in base 12?
2b
What is -176 (base 13) in base 14?
-150
What is -65 (base 11) in base 4?
-1013
Convert 1 (base 16) to base 7.
1
-82 (base 10) to base 15
-57
Convert -25 (base 10) to base 3.
-221
What is -20 (base 3) in base 9?
-6
Convert 2 (base 3) to base 9.
2
Convert 101100 (base 2) to base 14.
32
What is 3 (base 5) in base 7?
3
Convert 143 (base 12) to base 8.
303
-94 (base 11) to base 8
-147
-232 (base 13) to base 6
-1431
-2 (base 10) to base 3
-2
What is -57 (base 10) in base 14?
-41
What is 13 (base 4) in base 2?
111
Convert a7 (base 16) to base 13.
cb
What is -26 (base 7) in base 8?
-24
Convert -52 (base 7) to base 16.
-25
What is -3 (base 7) in base 9?
-3
-140 (base 6) to base 2
-111100
Convert 12 (base 7) to base 2.
1001
What is 1323 (base 6) in base 11?
289
Convert 20 (base 12) to base 15.
19
Convert 14 (base 7) to base 16.
b
1112 (base 3) to base 6
105
What is 5 (base 16) in base 7?
5
Convert 105 (base 7) to base 5.
204
Convert 20 (base 4) to base 13.
8
0 (base 7) to base 12
0
111 (base 7) to base 14
41
-5 (base 13) to base 3
-12
-2120 (base 4) to base 13
-b9
4 (base 16) to base 9
4
Convert 12 (base 10) to base 5.
22
21 (base 15) to base 16
1f
What is 18 (base 11) in base 9?
21
333 (base 5) to base 13
72
What is 2 (base 14) in base 13?
2
-1200 (base 3) to base 6
-113
Convert 10111110 (base 2) to base 13.
118
What is 131 (base 8) in base 9?
108
Convert -2 (base 12) to base 2.
-10
What is 3 (base 4) in base 11?
3
9 (base 13) to base 15
9
What is 1b1 (base 15) in base 14?
1dd
Convert -37 (base 9) to base 8.
-42
What is 1 (base 7) in base 14?
1
-11212 (base 3) to base 13
-a1
What is 2221 (base 3) in base 4?
1033
What is 14 (base 8) in base 10?
12
What is b (base 13) in base 9?
12
What is 15 (base 13) in base 3?
200
b (base 13) to base 9
12
-3 (base 13) to base 8
-3
1d (base 16) to base 4
131
100011 (base 2) to base 14
27
What is 19 (base 10) in base 12?
17
Convert -11 (base 5) to base 11.
-6
What is -5 (base 11) in base 2?
-101
What is 1051 (base 6) in base 7?
502
Convert 13 (base 6) to base 2.
1001
Convert -30 (base 14) to base 3.
-1120
472 (base 8) to base 10
314
What is -102 (base 5) in base 10?
-27
7 (base 8) to base 16
7
What is -7 (base 16) in base 15?
-7
What is 1 (base 7) in base 10?
1
Convert -14 (base 10) to base 5.
-24
Convert -2013 (base 5) to base 4.
-10002
What is 4 (base 6) in base 15?
4
3 (base 12) to base 11
3
5 (base 12) to base 11
5
Convert -1 (base 7) to base 15.
-1
What is -102 (base 3) in base 14?
-b
141 (base 10) to base 4
2031
What is -d9 (base 16) in base 5?
-1332
What is f (base 16) in base 5?
30
3 (base 10) to base 12
3
What is 21 (base 3) in base 5?
12
Convert -1 (base 15) to base 11.
-1
Convert 63 (base 7) to base 13.
36
Convert -41 (base 15) to base 11.
-56
What is 53 (base 15) in base 11?
71
13 (base 4) to base 2
111
Convert -3 (base 8) to base 2.
-11
31 (base 5) to base 12
14
What is -2 (base 15) in base 14?
-2
20 (base 4) to base 11
8
Convert 2 (base 5) to base 2.
10
-1 (base 2) to base 11
-1
Convert -b8 (base 12) to base 14.
-a0
Convert 3 (base 15) to base 3.
10
2 (base 4) to base 11
2
Convert 